{"id":42,"date":"2015-03-02T12:05:54","date_gmt":"2015-03-02T11:05:54","guid":{"rendered":"http:\/\/www.haawei-net.de\/seb\/?page_id=42"},"modified":"2015-08-06T12:10:16","modified_gmt":"2015-08-06T10:10:16","slug":"references","status":"publish","type":"page","link":"http:\/\/www.haawei-net.de\/seb\/references\/","title":{"rendered":"References"},"content":{"rendered":"<p><strong>Nur eine Liste?<\/strong><br \/>\nViel mehr: Kunden, Kunden, Kunden \u2026 sie sind es, die meine Arbeit definieren und bereichern!<\/p>\n<p><strong>Just a list?<\/strong><br \/>\nMuch more: customers customers customers \u2026 they are the ones who define and enrich my work!<\/p>\n<p>&nbsp;<\/p>\n<p>&nbsp;<\/p>\n<p>Der Deutsche Bundestag, Bundeswehr, CATACULT Konzeption und Beratung, Bureau Doll, VR-Bank Bergisch Gladbach, VSRW-Verlag, Berentzen Brennereien Markenspirituosen (Berentzen Appel Korn, Doornkaat, Ammerl\u00e4nder, etc.), Emsland Getr\u00e4nke, K\u00fcppers K\u00f6lsch \/ Grolsch \/ Brau + Brunnen (K\u00fcppers K\u00f6lsch, Sion K\u00f6lsch, Wick\u00fcler Pilsener, etc.), Sky Premotion Trade &amp; Event Marketing (Weltmarken \/ UDW \/ Diageo {Baileys, Smirnoff, Metaxa, Cuervo Tequila, etc.}, Nestl\u00e9 Schokoladen {KitKat, Lion, Smarties, Nuts, etc.}, N\u00f6lke \/ Velisco {Gutfried, Menzefricke, etc.}, e-plus, Berliner Tagesspiegel, CCG \/ GS1 Germany, CBH Rechtsanw\u00e4lte, Henkel, SAP, Lavazza, Gillette Gruppe {Gillette, Duracell, Oral-B, Braun}, Br\u00fcgelmann Hotelbettw\u00e4sche, Varta \/ Remington, METRO Group, M.A.N, Hyundai, Deutscher Entwicklungstag 2013, Bayer), Stadt K\u00f6ln (Amt f\u00fcr Stra\u00dfen und Verkehrstechnik), K\u00f6lner Stadt-Anzeiger \/ Express, HSG H\u00f6rfunk Service Gesellschaft (Radio K\u00f6ln, Radio Berg, Radio Leverkusen, etc.), Bruckmann Mayonnaisen, Trialog Creation, Striko Westofen, LVR Landschaftsverband Rheinland, J\u00fcrgen von der Lippe, Siehr Event (die Messen Funds &amp; Finance und Nuria), Zentrum f\u00fcr Spezielle Gelenkchirurgie Berlin, Cara Donna, apm-promotion, Berra Speisenkartenwerbung, Deutsche Post &#8230;<\/p>\n","protected":false},"excerpt":{"rendered":"<p>Nur eine Liste? Viel mehr: Kunden, Kunden, Kunden \u2026 sie sind es, die meine Arbeit definieren und bereichern! Just a list? Much more: customers customers customers \u2026 they are the [&hellip;]<\/p>\n","protected":false},"author":1,"featured_media":0,"parent":0,"menu_order":0,"comment_status":"closed","ping_status":"closed","template":"page_fullwidth.php","meta":{"footnotes":""},"_links":{"self":[{"href":"http:\/\/www.haawei-net.de\/seb\/wp-json\/wp\/v2\/pages\/42"}],"collection":[{"href":"http:\/\/www.haawei-net.de\/seb\/wp-json\/wp\/v2\/pages"}],"about":[{"href":"http:\/\/www.haawei-net.de\/seb\/wp-json\/wp\/v2\/types\/page"}],"author":[{"embeddable":true,"href":"http:\/\/www.haawei-net.de\/seb\/wp-json\/wp\/v2\/users\/1"}],"replies":[{"embeddable":true,"href":"http:\/\/www.haawei-net.de\/seb\/wp-json\/wp\/v2\/comments?post=42"}],"version-history":[{"count":8,"href":"http:\/\/www.haawei-net.de\/seb\/wp-json\/wp\/v2\/pages\/42\/revisions"}],"predecessor-version":[{"id":883,"href":"http:\/\/www.haawei-net.de\/seb\/wp-json\/wp\/v2\/pages\/42\/revisions\/883"}],"wp:attachment":[{"href":"http:\/\/www.haawei-net.de\/seb\/wp-json\/wp\/v2\/media?parent=42"}],"curies":[{"name":"wp","href":"https:\/\/api.w.org\/{rel}","templated":true}]}}